{"id":1453,"date":"2017-04-25T09:47:49","date_gmt":"2017-04-25T09:47:49","guid":{"rendered":"http:\/\/www.italogroup.rs\/it\/?page_id=1453"},"modified":"2017-04-25T11:41:04","modified_gmt":"2017-04-25T11:41:04","slug":"cantieri","status":"publish","type":"page","link":"http:\/\/www.italogroup.rs\/it\/cantieri\/","title":{"rendered":"Cantieri"},"content":{"rendered":"<div class=\"vc_row wpb_row vc_row-fluid\"><div class=\"wpb_column vc_column_container vc_col-sm-6\"><div class=\"wpb_wrapper\">\n\t<div class=\"wpb_text_column wpb_content_element  vc_custom_1493108084593\">\n\t\t<div class=\"wpb_wrapper\">\n\t\t\t<p style=\"text-align: center; font-size: 16px; font-family: sans-serif;\"><strong>Temerin<\/strong><\/p>\n\n\t\t<\/div>\n\t<\/div>\n\n\t<div class=\"wpb_single_image wpb_content_element vc_align_center  vc_custom_1493120192315\">\n\t\t\n\t\t<figure class=\"wpb_wrapper vc_figure\">\n\t\t\t<div class=\"vc_single_image-wrapper   vc_box_border_grey\"><img width=\"446\" height=\"239\" src=\"http:\/\/www.italogroup.rs\/it\/wp-content\/uploads\/2017\/04\/galerija-temerin.jpg\" class=\"vc_single_image-img attachment-full\" alt=\"\" loading=\"lazy\" srcset=\"http:\/\/www.italogroup.rs\/it\/wp-content\/uploads\/2017\/04\/galerija-temerin.jpg 446w, http:\/\/www.italogroup.rs\/it\/wp-content\/uploads\/2017\/04\/galerija-temerin-300x161.jpg 300w, http:\/\/www.italogroup.rs\/it\/wp-content\/uploads\/2017\/04\/galerija-temerin-200x107.jpg 200w\" sizes=\"(max-width: 446px) 100vw, 446px\" \/><\/div>\n\t\t<\/figure>\n\t<\/div>\n\n\t<div class=\"wpb_text_column wpb_content_element \">\n\t\t<div class=\"wpb_wrapper\">\n\t\t\t<p>Il parco si trova nel comune di Temerin e copre una superficie di 16,25 ha&#8230;<\/p>\n\n\t\t<\/div>\n\t<\/div>\n<div class=\"vc_btn3-container vc_btn3-center vc_custom_1493120442220\"><a class=\"vc_general vc_btn3 vc_btn3-size-sm vc_btn3-shape-square vc_btn3-style-classic vc_btn3-color-grey\" href=\"http:\/\/www.italogroup.rs\/it\/cantieri\/temerin\/\" title=\"\" target=\"_self\">Saperne di pi\u00f9<\/a><\/div>\n<\/div><\/div><div class=\"wpb_column vc_column_container vc_col-sm-6\"><div class=\"wpb_wrapper\">\n\t<div class=\"wpb_text_column wpb_content_element  vc_custom_1493108115701\">\n\t\t<div class=\"wpb_wrapper\">\n\t\t\t<p style=\"text-align: center; font-size: 16px; font-family: sans-serif;\"><strong>Velika Plana<\/strong><\/p>\n\n\t\t<\/div>\n\t<\/div>\n\n\t<div class=\"wpb_single_image wpb_content_element vc_align_center  vc_custom_1493120212933\">\n\t\t\n\t\t<figure class=\"wpb_wrapper vc_figure\">\n\t\t\t<div class=\"vc_single_image-wrapper   vc_box_border_grey\"><img width=\"446\" height=\"239\" src=\"http:\/\/www.italogroup.rs\/it\/wp-content\/uploads\/2017\/04\/galerija-vplana.jpg\" class=\"vc_single_image-img attachment-full\" alt=\"\" loading=\"lazy\" srcset=\"http:\/\/www.italogroup.rs\/it\/wp-content\/uploads\/2017\/04\/galerija-vplana.jpg 446w, http:\/\/www.italogroup.rs\/it\/wp-content\/uploads\/2017\/04\/galerija-vplana-300x161.jpg 300w, http:\/\/www.italogroup.rs\/it\/wp-content\/uploads\/2017\/04\/galerija-vplana-200x107.jpg 200w\" sizes=\"(max-width: 446px) 100vw, 446px\" \/><\/div>\n\t\t<\/figure>\n\t<\/div>\n\n\t<div class=\"wpb_text_column wpb_content_element \">\n\t\t<div class=\"wpb_wrapper\">\n\t\t\t<p>La struttura polifunzionale\u201dItalo center\u201d , vuole essere un centro di scambi&#8230;<\/p>\n\n\t\t<\/div>\n\t<\/div>\n<div class=\"vc_btn3-container vc_btn3-center vc_custom_1493120447218\"><a class=\"vc_general vc_btn3 vc_btn3-size-sm vc_btn3-shape-square vc_btn3-style-classic vc_btn3-color-grey\" href=\"http:\/\/www.italogroup.rs\/it\/cantieri\/velika-plana\/\" title=\"\" target=\"_self\">Saperne di pi\u00f9<\/a><\/div>\n<\/div><\/div><\/div><div class=\"vc_row wpb_row vc_row-fluid\"><div class=\"wpb_column vc_column_container vc_col-sm-6\"><div class=\"wpb_wrapper\">\n\t<div class=\"wpb_text_column wpb_content_element  vc_custom_1493120129949\">\n\t\t<div class=\"wpb_wrapper\">\n\t\t\t<p style=\"text-align: center; font-size: 16px; font-family: sans-serif;\"><strong>Vrcin<\/strong><\/p>\n\n\t\t<\/div>\n\t<\/div>\n\n\t<div class=\"wpb_single_image wpb_content_element vc_align_center  vc_custom_1493120232426\">\n\t\t\n\t\t<figure class=\"wpb_wrapper vc_figure\">\n\t\t\t<div class=\"vc_single_image-wrapper   vc_box_border_grey\"><img width=\"446\" height=\"239\" src=\"http:\/\/www.italogroup.rs\/it\/wp-content\/uploads\/2017\/04\/galerija-vrcin.jpg\" class=\"vc_single_image-img attachment-full\" alt=\"\" loading=\"lazy\" srcset=\"http:\/\/www.italogroup.rs\/it\/wp-content\/uploads\/2017\/04\/galerija-vrcin.jpg 446w, http:\/\/www.italogroup.rs\/it\/wp-content\/uploads\/2017\/04\/galerija-vrcin-300x161.jpg 300w, http:\/\/www.italogroup.rs\/it\/wp-content\/uploads\/2017\/04\/galerija-vrcin-200x107.jpg 200w\" sizes=\"(max-width: 446px) 100vw, 446px\" \/><\/div>\n\t\t<\/figure>\n\t<\/div>\n\n\t<div class=\"wpb_text_column wpb_content_element \">\n\t\t<div class=\"wpb_wrapper\">\n\t\t\t<p>Complesso residenziale a basso consumo energetico, con 48 appartamenti&#8230;<\/p>\n\n\t\t<\/div>\n\t<\/div>\n<div class=\"vc_btn3-container vc_btn3-center vc_custom_1493120452713\"><a class=\"vc_general vc_btn3 vc_btn3-size-sm vc_btn3-shape-square vc_btn3-style-classic vc_btn3-color-grey\" href=\"http:\/\/www.italogroup.rs\/it\/cantieri\/vrcin\/\" title=\"\" target=\"_self\">Saperne di pi\u00f9<\/a><\/div>\n<\/div><\/div><div class=\"wpb_column vc_column_container vc_col-sm-6\"><div class=\"wpb_wrapper\">\n\t<div class=\"wpb_text_column wpb_content_element  vc_custom_1493108096383\">\n\t\t<div class=\"wpb_wrapper\">\n\t\t\t<p style=\"text-align: center; font-size: 16px; font-family: sans-serif;\"><strong>Vladimirci<\/strong><\/p>\n\n\t\t<\/div>\n\t<\/div>\n\n\t<div class=\"wpb_single_image wpb_content_element vc_align_center  vc_custom_1493120252652\">\n\t\t\n\t\t<figure class=\"wpb_wrapper vc_figure\">\n\t\t\t<div class=\"vc_single_image-wrapper   vc_box_border_grey\"><img width=\"446\" height=\"239\" src=\"http:\/\/www.italogroup.rs\/it\/wp-content\/uploads\/2017\/04\/galerija-vladimirci.jpg\" class=\"vc_single_image-img attachment-full\" alt=\"\" loading=\"lazy\" srcset=\"http:\/\/www.italogroup.rs\/it\/wp-content\/uploads\/2017\/04\/galerija-vladimirci.jpg 446w, http:\/\/www.italogroup.rs\/it\/wp-content\/uploads\/2017\/04\/galerija-vladimirci-300x161.jpg 300w, http:\/\/www.italogroup.rs\/it\/wp-content\/uploads\/2017\/04\/galerija-vladimirci-200x107.jpg 200w\" sizes=\"(max-width: 446px) 100vw, 446px\" \/><\/div>\n\t\t<\/figure>\n\t<\/div>\n\n\t<div class=\"wpb_text_column wpb_content_element \">\n\t\t<div class=\"wpb_wrapper\">\n\t\t\t<p>Cantiere Vladimirci&#8230;<\/p>\n\n\t\t<\/div>\n\t<\/div>\n<div class=\"vc_btn3-container vc_btn3-center vc_custom_1493120458667\"><a class=\"vc_general vc_btn3 vc_btn3-size-sm vc_btn3-shape-square vc_btn3-style-classic vc_btn3-color-grey\" href=\"http:\/\/www.italogroup.rs\/it\/cantieri\/vladimirci\/\" title=\"\" target=\"_self\">Saperne di pi\u00f9<\/a><\/div>\n<\/div><\/div><\/div><div class=\"vc_row wpb_row vc_row-fluid\"><div class=\"wpb_column vc_column_container vc_col-sm-4\"><div class=\"wpb_wrapper\"><\/div><\/div><div class=\"wpb_column vc_column_container vc_col-sm-4\"><div class=\"wpb_wrapper\"><\/div><\/div><div class=\"wpb_column vc_column_container vc_col-sm-4\"><div class=\"wpb_wrapper\"><\/div><\/div><\/div>\n","protected":false},"excerpt":{"rendered":"Temerin Il parco si trova nel comune di Temerin e copre una superficie di 16,25 ha... Saperne di pi\u00f9 Velika Plana La struttura polifunzionale\u201dItalo center\u201d , vuole essere un centro di scambi... Saperne di pi\u00f9 Vrcin Complesso residenziale a basso consumo energetico, con 48 appartamenti... Saperne di pi\u00f9 Vladimirci Cantiere Vladimirci... Saperne di pi\u00f9","protected":false},"author":1,"featured_media":0,"parent":0,"menu_order":0,"comment_status":"closed","ping_status":"closed","template":"page-templates\/template-full-width-blank.php","meta":[],"_links":{"self":[{"href":"http:\/\/www.italogroup.rs\/it\/wp-json\/wp\/v2\/pages\/1453"}],"collection":[{"href":"http:\/\/www.italogroup.rs\/it\/wp-json\/wp\/v2\/pages"}],"about":[{"href":"http:\/\/www.italogroup.rs\/it\/wp-json\/wp\/v2\/types\/page"}],"author":[{"embeddable":true,"href":"http:\/\/www.italogroup.rs\/it\/wp-json\/wp\/v2\/users\/1"}],"replies":[{"embeddable":true,"href":"http:\/\/www.italogroup.rs\/it\/wp-json\/wp\/v2\/comments?post=1453"}],"version-history":[{"count":5,"href":"http:\/\/www.italogroup.rs\/it\/wp-json\/wp\/v2\/pages\/1453\/revisions"}],"predecessor-version":[{"id":1540,"href":"http:\/\/www.italogroup.rs\/it\/wp-json\/wp\/v2\/pages\/1453\/revisions\/1540"}],"wp:attachment":[{"href":"http:\/\/www.italogroup.rs\/it\/wp-json\/wp\/v2\/media?parent=1453"}],"curies":[{"name":"wp","href":"https:\/\/api.w.org\/{rel}","templated":true}]}}

<div class="vc_row wpb_row vc_row-fluid"><div class="wpb_column vc_column_container vc_col-sm-6"><div class="wpb_wrapper">
	<div class="wpb_text_column wpb_content_element  vc_custom_1493108084593">
		<div class="wpb_wrapper">
			<p style="text-align: center; font-size: 16px; font-family: sans-serif;"><strong>Temerin</strong></p>

		</div>
	</div>

	<div class="wpb_single_image wpb_content_element vc_align_center  vc_custom_1493120192315">
		
		<figure class="wpb_wrapper vc_figure">
			<div class="vc_single_image-wrapper   vc_box_border_grey"><img width="446" height="239" src="http://www.italogroup.rs/it/wp-content/uploads/2017/04/galerija-temerin.jpg" class="vc_single_image-img attachment-full" alt="" loading="lazy" srcset="http://www.italogroup.rs/it/wp-content/uploads/2017/04/galerija-temerin.jpg 446w, http://www.italogroup.rs/it/wp-content/uploads/2017/04/galerija-temerin-300x161.jpg 300w, http://www.italogroup.rs/it/wp-content/uploads/2017/04/galerija-temerin-200x107.jpg 200w" sizes="(max-width: 446px) 100vw, 446px" /></div>
		</figure>
	</div>

	<div class="wpb_text_column wpb_content_element ">
		<div class="wpb_wrapper">
			<p>Il parco si trova nel comune di Temerin e copre una superficie di 16,25 ha&#8230;</p>

		</div>
	</div>
<div class="vc_btn3-container vc_btn3-center vc_custom_1493120442220"><a class="vc_general vc_btn3 vc_btn3-size-sm vc_btn3-shape-square vc_btn3-style-classic vc_btn3-color-grey" href="http://www.italogroup.rs/it/cantieri/temerin/" title="" target="_self">Saperne di più</a></div>
</div></div><div class="wpb_column vc_column_container vc_col-sm-6"><div class="wpb_wrapper">
	<div class="wpb_text_column wpb_content_element  vc_custom_1493108115701">
		<div class="wpb_wrapper">
			<p style="text-align: center; font-size: 16px; font-family: sans-serif;"><strong>Velika Plana</strong></p>

		</div>
	</div>

	<div class="wpb_single_image wpb_content_element vc_align_center  vc_custom_1493120212933">
		
		<figure class="wpb_wrapper vc_figure">
			<div class="vc_single_image-wrapper   vc_box_border_grey"><img width="446" height="239" src="http://www.italogroup.rs/it/wp-content/uploads/2017/04/galerija-vplana.jpg" class="vc_single_image-img attachment-full" alt="" loading="lazy" srcset="http://www.italogroup.rs/it/wp-content/uploads/2017/04/galerija-vplana.jpg 446w, http://www.italogroup.rs/it/wp-content/uploads/2017/04/galerija-vplana-300x161.jpg 300w, http://www.italogroup.rs/it/wp-content/uploads/2017/04/galerija-vplana-200x107.jpg 200w" sizes="(max-width: 446px) 100vw, 446px" /></div>
		</figure>
	</div>

	<div class="wpb_text_column wpb_content_element ">
		<div class="wpb_wrapper">
			<p>La struttura polifunzionale”Italo center” , vuole essere un centro di scambi&#8230;</p>

		</div>
	</div>
<div class="vc_btn3-container vc_btn3-center vc_custom_1493120447218"><a class="vc_general vc_btn3 vc_btn3-size-sm vc_btn3-shape-square vc_btn3-style-classic vc_btn3-color-grey" href="http://www.italogroup.rs/it/cantieri/velika-plana/" title="" target="_self">Saperne di più</a></div>
</div></div></div><div class="vc_row wpb_row vc_row-fluid"><div class="wpb_column vc_column_container vc_col-sm-6"><div class="wpb_wrapper">
	<div class="wpb_text_column wpb_content_element  vc_custom_1493120129949">
		<div class="wpb_wrapper">
			<p style="text-align: center; font-size: 16px; font-family: sans-serif;"><strong>Vrcin</strong></p>

		</div>
	</div>

	<div class="wpb_single_image wpb_content_element vc_align_center  vc_custom_1493120232426">
		
		<figure class="wpb_wrapper vc_figure">
			<div class="vc_single_image-wrapper   vc_box_border_grey"><img width="446" height="239" src="http://www.italogroup.rs/it/wp-content/uploads/2017/04/galerija-vrcin.jpg" class="vc_single_image-img attachment-full" alt="" loading="lazy" srcset="http://www.italogroup.rs/it/wp-content/uploads/2017/04/galerija-vrcin.jpg 446w, http://www.italogroup.rs/it/wp-content/uploads/2017/04/galerija-vrcin-300x161.jpg 300w, http://www.italogroup.rs/it/wp-content/uploads/2017/04/galerija-vrcin-200x107.jpg 200w" sizes="(max-width: 446px) 100vw, 446px" /></div>
		</figure>
	</div>

	<div class="wpb_text_column wpb_content_element ">
		<div class="wpb_wrapper">
			<p>Complesso residenziale a basso consumo energetico, con 48 appartamenti&#8230;</p>

		</div>
	</div>
<div class="vc_btn3-container vc_btn3-center vc_custom_1493120452713"><a class="vc_general vc_btn3 vc_btn3-size-sm vc_btn3-shape-square vc_btn3-style-classic vc_btn3-color-grey" href="http://www.italogroup.rs/it/cantieri/vrcin/" title="" target="_self">Saperne di più</a></div>
</div></div><div class="wpb_column vc_column_container vc_col-sm-6"><div class="wpb_wrapper">
	<div class="wpb_text_column wpb_content_element  vc_custom_1493108096383">
		<div class="wpb_wrapper">
			<p style="text-align: center; font-size: 16px; font-family: sans-serif;"><strong>Vladimirci</strong></p>

		</div>
	</div>

	<div class="wpb_single_image wpb_content_element vc_align_center  vc_custom_1493120252652">
		
		<figure class="wpb_wrapper vc_figure">
			<div class="vc_single_image-wrapper   vc_box_border_grey"><img width="446" height="239" src="http://www.italogroup.rs/it/wp-content/uploads/2017/04/galerija-vladimirci.jpg" class="vc_single_image-img attachment-full" alt="" loading="lazy" srcset="http://www.italogroup.rs/it/wp-content/uploads/2017/04/galerija-vladimirci.jpg 446w, http://www.italogroup.rs/it/wp-content/uploads/2017/04/galerija-vladimirci-300x161.jpg 300w, http://www.italogroup.rs/it/wp-content/uploads/2017/04/galerija-vladimirci-200x107.jpg 200w" sizes="(max-width: 446px) 100vw, 446px" /></div>
		</figure>
	</div>

	<div class="wpb_text_column wpb_content_element ">
		<div class="wpb_wrapper">
			<p>Cantiere Vladimirci&#8230;</p>

		</div>
	</div>
<div class="vc_btn3-container vc_btn3-center vc_custom_1493120458667"><a class="vc_general vc_btn3 vc_btn3-size-sm vc_btn3-shape-square vc_btn3-style-classic vc_btn3-color-grey" href="http://www.italogroup.rs/it/cantieri/vladimirci/" title="" target="_self">Saperne di più</a></div>
</div></div></div><div class="vc_row wpb_row vc_row-fluid"><div class="wpb_column vc_column_container vc_col-sm-4"><div class="wpb_wrapper"></div></div><div class="wpb_column vc_column_container vc_col-sm-4"><div class="wpb_wrapper"></div></div><div class="wpb_column vc_column_container vc_col-sm-4"><div class="wpb_wrapper"></div></div></div>

Temerin Il parco si trova nel comune di Temerin e copre una superficie di 16,25 ha... Saperne di più Velika Plana La struttura polifunzionale”Italo center” , vuole essere un centro di scambi... Saperne di più Vrcin Complesso residenziale a basso consumo energetico, con 48 appartamenti... Saperne di più Vladimirci Cantiere Vladimirci... Saperne di più
